is the hundreds digit of 39797?
7
What is the hundred thousands digit of 657979?
6
What is the units digit of 343124?
4
What is the hundreds digit of 170715?
7
What is the thousands digit of 3111996?
1
What is the hundred thousands digit of 139025?
1
What is the thousands digit of 225835?
5
What is the hundred thousands digit of 8061823?
0
What is the ten thousands digit of 635878?
3
What is the units digit of 4961000?
0
What is the thousands digit of 416372?
6
What is the hundred thousands digit of 368063?
3
What is the millions digit of 4101480?
4
What is the hundreds digit of 6893366?
3
What is the ten thousands digit of 1056426?
5
What is the units digit of 9501161?
1
What is the hundred thousands digit of 2410489?
4
What is the ten thousands digit of 341688?
4
What is the tens digit of 2978?
7
What is the thousands digit of 10106454?
6
What is the thousands digit of 101722?
1
What is the tens digit of 59176?
7
What is the units digit of 191073?
3
What is the hundreds digit of 2400142?
1
What is the hundreds digit of 677480?
4
What is the hundred thousands digit of 3154310?
1
What is the ten thousands digit of 865996?
6
What is the ten thousands digit of 773296?
7
What is the hundred thousands digit of 17191827?
1
What is the thousands digit of 4200083?
0
What is the hundred thousands digit of 1112262?
1
What is the tens digit of 462109?
0
What is the thousands digit of 26997606?
7
What is the units digit of 1310281?
1
What is the ten thousands digit of 1384060?
8
What is the tens digit of 184303?
0
What is the ten thousands digit of 501136?
0
What is the tens digit of 4946886?
8
What is the thousands digit of 192842?
2
What is the hundreds digit of 422158?
1
What is the hundreds digit of 613008?
0
What is the units digit of 630999?
9
What is the hundred thousands digit of 2710816?
7
What is the hundreds digit of 2771468?
4
What is the ten thousands digit of 11769911?
6
What is the thousands digit of 476450?
6
What is the tens digit of 212985?
8
What is the ten thousands digit of 9534969?
3
What is the hundreds digit of 260200?
2
What is the units digit of 121372?
2
What is the hundred thousands digit of 2174098?
1
What is the tens digit of 4531921?
2
What is the millions digit of 5967784?
5
What is the hundred thousands digit of 1730669?
7
What is the units digit of 362723?
3
What is the ten thousands digit of 7627134?
2
What is the ten thousands digit of 1041984?
4
What is the tens digit of 3412979?
7
What is the ten millions digit of 13313202?
1
What is the millions digit of 3922724?
3
What is the hundreds digit of 15767753?
7
What is the thousands digit of 277678?
7
What is the units digit of 977026?
6
What is the tens digit of 605935?
3
What is the millions digit of 6257826?
6
What is the hundreds digit of 362363?
3
What is the hundred thousands digit of 517322?
5
What is the thousands digit of 674685?
4
What is the millions digit of 1125968?
1
What is the ten thousands digit of 713607?
1
What is the units digit of 2073328?
8
What is the hundred thousands digit of 1557165?
5
What is the ten thousands digit of 1275848?
7
What is the units digit of 106735?
5
What is the hundreds digit of 4615935?
9
What is the units digit of 255878?
8
What is the hundreds digit of 2702501?
5
What is the units digit of 12401234?
4
What is the thousands digit of 234465?
4
What is the tens digit of 1928779?
7
What is the hundreds digit of 24963849?
8
What is the tens digit of 202284?
8
What is the hundred thousands digit of 1020429?
0
What is the ten thousands digit of 488489?
8
What is the ten thousands digit of 22466?
2
What is the ten thousands digit of 150795?
5
What is the hundreds digit of 192721?
7
What is the thousands digit of 958434?
8
What is the ten thousands digit of 3303534?
0
What is the hundred thousands digit of 4394194?
3
What is the ten thousands digit of 619054?
1
What is the millions digit of 1189727?
1
What is the units digit of 8867927?
7
What is the units digit of 792266?
6
What is the millions digit of 11734165?
1
What is the tens digit of 23334176?
7
What is the hundred thousands digit of 375050?
3
What is the hundred thousands digit of 168141?
1
What is the units digit of 588096?
6
What is the hundreds digit of 2695197?
1
What is the hundreds digit of 500150?
1
What is the units digit of 2259324?
4
What is the ten thousands digit of 578696?
7
What is the ten millions digit of 17529044?
1
What is the hundred thousands digit of 968071?
9
What is the hundred thousands digit of 32283509?
2
What is the units digit of 343449?
9
What is the tens digit of 912564?
6
What is the thousands digit of 131355?
1
What is the units digit of 2550552?
2
What is the hundred thousands digit of 3527855?
5
What is the thousands digit of 828567?
8
What is the tens digit of 20461?
6
What is the ten thousands digit of 28497?
2
What is the thousands digit of 32925?
2
What is the hundred thousands digit of 1339337?
3
What is the ten thousands digit of 2082626?
8
What is the hundreds digit of 12463451?
4
What is the tens digit of 44471?
7
What is the units digit of 907264?
4
What is the hundred thousands digit of 1676142?
6
What is the hundred thousands digit of 8127989?
1
What is the thousands digit of 1506120?
6
What is the ten thousands digit of 126968?
2
What is the thousands digit of 3675?
3
What is the hundred thousands digit of 10573799?
5
What is the hundred thousands digit of 1049705?
0
What is the units digit of 2265715?
5
What is the units digit of 307019?
9
What is the ten thousands digit of 133504?
3
What is the hundreds digit of 1037325?
3
What is the hundreds digit of 16577844?
8
What is the hundreds digit of 44401?
4
What is the hundreds digit of 243385?
3
What is the hundreds digit of 4590120?
1
What is the tens digit of 236413?
1
What is the tens digit of 11926828?
2
What is the thousands digit of 916587?
6
What is the hundred thousands digit of 7599233?
5
What is the tens digit of 364963?
6
What is the hundreds digit of 1820216?
2
What is the tens digit of 4688344?
4
What is the ten thousands digit of 49586?
4
What is the tens digit of 6223735?
3
What is the millions digit of 3832680?
3
What is the ten thousands digit of 2368239?
6
What is the hundred thousands digit of 315056?
3
What is the millions digit of 23885530?
3
What is the millions digit of 1030613?
1
What is the hundred thousands digit of 248523?
2
What is the units digit of 1069122?
2
What is the thousands digit of 176401?
6
What is the hundred thousands digit of 4305401?
3
What is the ten thousands digit of 2321945?
2
What is the millions digit of 1664232?
1
What is the ten thousands digit of 3971445?
7
What is the hundred thousands digit of 15672443?
6
What is the units digit of 18824229?
9
What is the ten millions digit of 30055123?
3
What is the hundreds digit of 25858?
8
What is the units digit of 2035814?
4
What is the tens digit of 78363?
6
What is the units digit of 240606?
6
What is the tens digit of 3495702?
0
What is the millions digit of 2326763?
2
What is the hundreds digit of 297652?
6
What is the units digit of 16459321?
1
What is the units digit of 33790339?
9
What is the tens digit of 611962?
6
What is the ten thousands digit of 38207?
3
What is the hundreds digit of 103639?
6
What is the ten thousands digit of 26834500?
3
What is the hundred thousands digit of 750490?
7
What is the hundreds digit of 15840631?
6
What is the tens digit of 218091?
9
What is the tens digit of 6110357?
5
What is the hundred thousands digit of 24603265?
6
What is the tens digit of 379532?
3
What is the thousands digit of 1115627?
5
What is the hundred thousands digit of 1691637?
6
What is the units digit of 1633256?
6
What is the ten thousands digit of 3858195?
5
What is the thousands digit of 3597953?
7
What is the thousands digit of 687030?
7
What is the units digit of 1660549?
9
What is the hundred thousands digit of 11278129?
2
What is the ten thousands digit of 1138475?
3
What is the thousands digit of 291993?
1
What is the ten thousands digit of 284144?
8
What is the units digit of 3499283?
3
What is the thousands digit of 1112350?
2
What is the ten thousands digit of 5014766?
1
What is the ten thousands digit of 673551?
7
What is the hundreds digit of 2280?
2
What is the